(u).
3
Let x = 45 + -51. Let a(q) = q**3 + 5*q**2 - 5*q + 3. What is a(x)?
-3
Let k(q) = -q**3 + 3*q**2. Suppose 6 = m + 2. Calculate k(m).
-16
Let x(k) = k**2 - 4*k. Let y be x(5). Let q(d) = d - y*d + 2*d - 1 + 2. Let z be -2*(1/(-1) - 0). Determine q(z).
-3
Let m(o) = -14*o**3 + 5*o + 2. Let p(g) = -21*g**3 + 7*g + 3. Let n(y) = 7*m(y) - 5*p(y). Let u(f) = f + 4. Let h be u(-3). Give n(h).
6
Let t = 28 - 31. Let a(x) = x**3 + 3*x**2 + 3*x + 4. Give a(t).
-5
Let l(h) = -6*h**3 + h**2 - 1. Suppose 0 = 4*k - 3*m - 11, m - 5*m = -12. Let c(j) = -k - j + j**3 - 4*j**2 + 2*j + 0*j**3. Let b be c(4). What is l(b)?
6
Let v(n) = 13*n**3 - n**2 - 2*n + 4. Let p(y) = -13*y**3 + 2*y**2 + 2*y - 5. Let i(r) = -3*p(r) - 4*v(r). Determine i(1).
-14
Suppose 4 = -f - 0. Let w(l) = 5 + 4 - 7 + l - 1. Give w(f).
-3
Let o = -12 - -17. Let g = -5 + o. Let p(a) = 7 - 3 - a**2 + g*a**2 + 4*a. Calculate p(5).
-1
Let z(c) = 8*c**2 - 17*c + 8. Let k(u) = -3*u**2 + 6*u - 3. Suppose 40 = -5*g - 5*h, 3*h + h = -16. Let m = 16 - 27. Let l(t) = g*z(t) + m*k(t). What is l(-1)?
0
Let r = 9 + -2. Let s = -5 + r. Let k(i) = -3*i + 4*i + 9 - s*i. What is k(5)?
4
Let p(s) = 7*s**3 - 8*s**2 + 9*s + 1. Let z(j) = 3*j**3 - 4*j**2 + 4*j. Let t(l) = -2*p(l) + 5*z(l). Determine t(4).
6
Let p(s) be the first derivative of -s**2/2 - 9*s + 4. Calculate p(-4).
-5
Let b(g) be the first derivative of g**2/2 + 17*g + 7. Determine b(0).
17
Let t(y) = 3*y**3 - 3*y**2 + 2*y + 2. Let n(f) = f**3 + 1. Let i(s) = 4*n(s) - t(s). Calculate i(-4).
-6
Let u be 3 + -1 + (-3 - 0). Let f(d) = d - 1. Give f(u).
-2
Let k(p) be the first derivative of -2 + 2*p + 1/2*p**2. What is k(-4)?
-2
Let v(r) = 9*r**2 + 3*r. Let d be v(-2). Let z be -1*7*d/35. Let x(y) = y**3 + 7*y**2 + 7*y - 3. Determine x(z).
-9
Let u(y) = -4*y - 12*y**2 + 9*y + 11*y**2 - 4. What is u(5)?
-4
Let l(c) = 9 - 3*c - 4*c**2 + 3*c**2 - 3 - 7. Determine l(-3).
-1
Let q(g) = 5*g + 3. Let k be q(-1). Let m(f) = -2*f**3 - 3*f**2. Determine m(k).
4
Let m(p) = -9*p - 2. Let c(k) = -10*k - 2. Let f(h) = 5*c(h) - 6*m(h). Give f(-3).
-10
Let o = 13 + -10. Let p(q) = -2 + 0*q**3 - q**o + 5*q**2 + 4 - 5*q + 3. Suppose -u = -0 - 4. What is p(u)?
1
Let d(t) = -3*t + 6. Let o be d(2). Let b(u) = -7*u**2 - 1. Let k(f) = -f**2. Let i(w) = -b(w) + 6*k(w). Give i(o).
1
Suppose -f + 3 = -8. Suppose -f - 1 = 4*l. Let g(x) = x**2 + 3*x - 2. What is g(l)?
-2
Let p(n) = 2*n. Suppose 2*v = -5*x + 49, 43 + 111 = 5*v + 2*x. Suppose -4 = -5*r - 4*m, -v = -4*r + 5*m - m. Give p(r).
8
Let q(o) = -o**2 + 7*o + 2. Let p(n) = -2*n - n - 4 - n + 2. Let l be p(-2). Give q(l).
8
Let x(c) be the first derivative of -c**2/2 + 5*c - 2. What is x(6)?
-1
Let p(a) = 0*a + 3 - a + 6*a. Give p(-2).
-7
Suppose -d = -3*x + 10 - 3, -3*x = -12. Let q(o) = 2*o - 4. Determine q(d).
6
Let h be (4/(-8))/((-3)/(-96)). Let m = h - -13. Let a(q) = q**2 + 5*q + 1. Determine a(m).
-5
Suppose 4*o + 5*i = -1138, 0*o = -3*o - 2*i - 850. Let g be o/(-42) + (-4)/(-14). Suppose 0 = 5*y - 10, 2*t = -t - 5*y + g. Let k(p) = 7*p - 1. Give k(t).
-8
Let y(x) = -x**3 + x**2 + 2*x - 2. Let b be y(1). Suppose m + 5 = 2*m. Let d(s) = 1 + m + s + 0. Calculate d(b).
6
Suppose -2 = -2*o + 2*d, -3*o - d + 2*d = -9. Let k(u) = -u**3 + 2 - 4*u**2 - o*u - u - 4 - 1. Determine k(-3).
3
Let f(d) be the third derivative of d**5/60 + d**4/4 + d**3/6 - 36*d**2. Calculate f(-6).
1
Let s(v) be the third derivative of -v**4/24 + 2*v**3/3 - 7*v**2. Let g(j) = 1. Let y(r) = -3*g(r) + s(r). Determine y(1).
0
Let o(s) = s - 4. Let x(n) = -n**3 + 4*n**2 + n - 1. Let c be x(4). Give o(c).
-1
Suppose -2*i - 10 = 2*o, i = o - 3*o - 11. Let a(c) = c + 7. What is a(o)?
1
Suppose 5*m - 26 = -6. Let h(v) = -m - v**2 - 4*v + 1 + 0. What is h(-2)?
1
Let h(n) = n + 3. Let k(c) = -c**2 + 10*c - 16. Let p be k(7). Suppose j - p*q = -10, 4*q - 7 = j + 2. Determine h(j).
-2
Let m(f) = -5*f**3 + 2*f**2 - 1. Suppose 3*n = -4*v + 7, 0 = -3*n - v - v + 11. Let z = n + -6. What is m(z)?
6
Let u be ((-2)/(2/5))/1. Let b(i) = i**3 + 7*i**2 + 7*i + 3. Determine b(u).
18
Let p(u) = -3*u**2 + 7*u + 4. Let a(h) = -h**2. Suppose 0 = -b + 4 - 0. Let d(k) = b*a(k) - p(k). Give d(-5).
6
Let d(u) = -3*u + 1. Let t(z) = 7*z - 3. Let g(f) = 9*d(f) + 4*t(f). Calculate g(0).
-3
Let m = 19 + -10. Let v = m - 5. Let p(g) = g**2. Let f(z) = 2*z**2 + 3*z + 2. Let l(a) = f(a) - 3*p(a). Calculate l(v).
-2
Let x(n) = n**3 - 2*n**2 - 2*n + 4. Let y = 2 - -1. Give x(y).
7
Let a(k) = 2*k**3 + 3*k**2 + 2*k + 1. Suppose 13*w - 10*w = -6. Determine a(w).
-7
Let x(n) = -6*n**3 + 5*n**2 + 10*n + 4. Let z(o) = 5*o**3 - 5*o**2 - 9*o - 4. Let d = 23 + -16. Let y(r) = d*z(r) + 6*x(r). Give y(-5).
11
Let h(m) = -10*m**2 - 3. Let t(g) = 51*g**2 + 16. Suppose -2*f = 3 - 7. Let r(j) = f*t(j) + 11*h(j). Give r(1).
-9
Let h(j) = 2*j + 13. Let f(a) = -3*a - 13. Let q(l) = -3*f(l) - 4*h(l). Determine q(6).
-7
Let x(k) = -6*k + 9. Let w(h) = 9*h - 13. Let f(s) = 5*w(s) + 8*x(s). Let b be (5 - -1 - 1) + 0/(-25). Calculate f(b).
-8
Let n(x) = 4*x. Let l(d) = -d**2 + d + 21. Let v be l(5). What is n(v)?
4
Suppose -4*m + 4*b = -24, 2*m + b = 5*m - 10. Let y be -1 - ((-1)/(-1) - m). Let x(k) = -3 - 3*k**2 + k**3 + 2*k**2 + 0*k**3 + k. Calculate x(y).
-3
Suppose 3*a = 4*n + 21, 3*a = -2*a - 5*n. Let x(z) = -z**2 - z + 4. Give x(a).
-8
Let b be 3*-1 + (21 - 14). Let k(l) = l**2 - 5*l + 4. Give k(b).
0
Let z(w) be the first derivative of -w**5/10 + w**4/12 + w**3/3 + w**2/2 + w + 3. Let f(c) be the first derivative of z(c). What is f(-1)?
2
Let b(m) = -2*m. Let r(v) = -12*v + 8. Let o(a) = 4*b(a) - r(a). Calculate o(6).
16
Let k = -160 - -160. Let j be 1*-1 - (0 + -8). Let o(u) = u + 0*u + 1 + j. Determine o(k).
8
Let l be ((-1)/1)/(2/14). Let y = -10 - l. Let v(f) = f**2 - 2*f - 3. Determine v(y).
12
Suppose -3*n - 18 = -6*n. Let d(b) = -b**3 - b**2 - 1. Let l be (1/1)/((-6)/6). Let w(h) = -h**3 - 7*h**2 - 5*h - 10. Let y(a) = l*w(a) + 2*d(a). Give y(n).
2
Let d(g) = 6*g + 1. Let v(n) = -2*n**3 + 7*n**2 - 6*n + 10. Let h be v(3). Calculate d(h).
7
Let g(l) be the third derivative of 2*l**5/15 + l**4/12 + l**3/6 + 23*l**2. Give g(-1).
7
Let i(b) = 4*b**2 - 3*b - 5. Let g(c) = -3*c**2 + 4*c + 6. Let q(x) = -4*g(x) - 5*i(x). Calculate q(1).
-8
Let q(b) = 2*b**3 + 10*b**2 - 4. Let z(x) = x**3 + 5*x**2 - 2. Let k(w) = 2*q(w) - 5*z(w). What is k(-5)?
2
Let z(m) = -10*m + 8*m - 2 + 1 - 2. Suppose 0 = 3*l + 2*l - 3*a, 5*a = 25. Determine z(l).
-9
Let f(g) be the first derivative of g**3/3 - 2*g**2 - g + 9. What is f(2)?
-5
Suppose -3 = m + 1. Let u(x) = -3*x - 4. Determine u(m).
8
Let u = 1 - -3. Suppose r = u*r. Suppose -m + r*m = 1. Let s(p) = 4*p**3 - p. Calculate s(m).
-3
Let t(w) = -w. Let l(f) = 4*f - 4. Let j(r) = -l(r) - 5*t(r). Let o(d) = -2*d - 11. Let h be o(-6). Let g be (-192)/36 + h/3. Calculate j(g).
-1
Let a(d) = -12*d**3 - 3*d + 2*d**2 + 8*d - 5*d**2 + 11*d**3 + 4. What is a(-4)?
0
Let x(d) = -3*d**3 + d**2 + d - 1. Let n(o) = 16*o**3 - 4*o**2 - 6*o + 6. Let t(b) = 2*n(b) + 11*x(b). Give t(3).
-2
Let w(o) = -o + 9. Let x = 27 + -12. Let n be w(x). Let s(y) = y**3 + 6*y**2 - 3*y - 9. Determine s(n).
9
Let m(s) be the second derivative of s**3/6 + 7*s**2/2 + s. Suppose 1 = 2*k - 7. Suppose k*f - 6*f = 8. What is m(f)?
3
Let k(c) = 3*c - 4*c**3 - 2 + 2*c**3 - 5*c**2 + 2*c**2. Calculate k(-3).
16
Let p(t) = 7*t + 10. Let w(g) = g**3 - 9*g**2 - 10*g + 5. Let v be w(10). Let z(i) = -4*i - 5. Let k(l) = v*z(l) + 3*p(l). Determine k(5).
10
Let z be (8 + -11)/((-2)/4 + 1). Let x(f) = -f**3 - 7*f**2 - 5*f - 4. Determine x(z).
-10
Suppose 1 = -4*h + 41. Suppose 6*b - b = h. Suppose -4*a + 3*a = -b*p - 3, 0 = 3*a - 2*p - 1. Let j(y) = -6*y**2 + 1. Calculate j(a).
-5
Let k be 160/28 - 16/(-56). Let n(g) = -g**3 + 9*g**2 - 3*g - 1. Let z(y) = y**3 - 8*y**2 + 3*y. Let o(u) = 2*n(u) + 3*z(u). Determine o(k).
16
Let h(d) = -d**3 + 4*d**2 - 6*d - 2. Let m(c) = c + 1. Let s be 1/(-6) - 28/(-24). Let k(z) = s*h(z) + 4*m(z). Give k(3).
5
Let m(n) be the third derivative of -n**2 + 0 + 1/24*n**4 + 0*n + 4/3*n**3. Let k be m(-8). Let j(s) = s**3 - s + 7. Calculate j(k).
7
Let v(t) = 4 - 2*t + 8*t - 4*t - t. Let g be (3/(-2))/(1/(-2)). Suppose 13 = 4*n - g. Determine v(n).
8
Let b(l) = -l - 1. Let c be b